0*m + 2*m = 0. Suppose -2 = 2*v - 2*l, 3*v - 5*v - l + 10 = m. Suppose v*u = 2*u + 21. Is u prime?
False
Let s(j) = 80*j**2 - 111*j - 880. Is s(-9) a composite number?
False
Suppose 0 = -4*b + 827 - 3047. Let d = 957 + b. Let x = 791 - d. Is x prime?
True
Let b = 95 - 55. Is 100/b*(-9722)/(-5) composite?
False
Let p be (4/(-18))/(19/(-513)). Suppose -z - 25 = -p*z, 5*q - 6795 = 2*z. Is q prime?
True
Suppose 0 = 5*u - 20, 2*u = -3*r + 2 + 15. Suppose 0 = v - 5*w + 2, 5*w + 5 = -r*v - 1. Is ((-1155)/v + -2)/((-2)/(-4)) prime?
True
Suppose 0*x + 4 = x. Suppose -x*d + 19 = -0*d + 3*l, -5*d + 24 = 4*l. Is (0 + d/(-6))/((-4)/870) a composite number?
True
Let b = -45 - -39. Let t(d) = -32*d**2 - 11*d + 3. Let h be t(b). Let g = -436 - h. Is g prime?
True
Suppose 14*i = 4 - 4. Suppose i = 2*o - 4414 + 8. Is o a prime number?
True
Suppose 306*t + 2288607 = 363*t. Is t composite?
False
Suppose -4*v = -1230 + 1246, x + 3*v = 89137. Is x a prime number?
False
Let q = 636 - -1882. Let z = -281 + q. Is z composite?
False
Suppose -3*k - 3*b + 291 = 0, -3*k = -2*k + 2*b - 93. Suppose -111*y + k*y = -19030. Is y a composite number?
True
Let q = -1465 - -1988. Suppose h - 815 - 1677 = -3*r, -12500 = -5*h - 5*r. Let l = q + h. Is l a composite number?
True
Let t(d) = 110*d**3 - 7*d**2 - 11*d + 47. Let g(a) = 222*a**3 - 16*a**2 - 21*a + 93. Let p(b) = -6*g(b) + 13*t(b). Is p(7) prime?
False
Let d be (-31)/(-7) + (-18)/42. Suppose -d*v + 3*v - 5*j - 10 = 0, -3*j - 6 = -4*v. Suppose 5*f - 2*k = 1287, -3*k = 3*f - v*k - 789. Is f composite?
True
Suppose v = 6*v + 2*m - 364, -v - 2*m + 68 = 0. Let a = v - 68. Suppose 2*s = 242 - a. Is s prime?
False
Let h = -474 - -477. Suppose -h*q + 13218 = 3*q. Is q a composite number?
False
Let y be 3/((-36)/(-16))*12. Suppose 5*m = y + 4. Suppose 126 = m*s + 2*s. Is s a prime number?
False
Let r(v) = 164*v + 822*v + 27 + 264*v. Is r(3) composite?
True
Let a(t) = 15*t - 29. Let s be a(11). Let z be (-3910)/s - (-6)/8. Let h(i) = -42*i - 89. Is h(z) prime?
True
Let n = -36 + 36. Suppose -3*a = 2*r + 10, n = 4*a + r - 0 + 5. Is (-2 - a)*4669/(-14) a prime number?
False
Let s(p) = -825*p. Let z be s(-7). Let m = z - 3635. Suppose 5*a - 9*a + m = 0. Is a a composite number?
True
Suppose 2*j = -8*j - 3560. Let v = j + 2403. Is v a composite number?
True
Let i = -114695 - -224304. Is i prime?
True
Suppose -2*a = -4*m + 1507262, -374387 = -5*m - 2*a + 1509704. Is m a composite number?
True
Let d(a) = 3356*a + 3. Suppose 0 = -4*r - 2*s, 5*r - 5 = 6*r + 3*s. Is d(r) composite?
False
Let y(k) = 13*k - 41. Suppose -10*p - 3*p + 26 = 0. Let w(a) = 65*a - 204. Let z(v) = p*w(v) - 11*y(v). Is z(-6) prime?
False
Let y(j) = 904*j**2 - 176*j - 1. Is y(-3) a composite number?
False
Suppose 2*x - 467846 - 935300 = 0. Is x a prime number?
False
Let v = 57 + -52. Suppose m = -4*w + 364, -2*m + 543 + 179 = v*w. Suppose -l - 3*p + m = 0, 978 = 3*l - 3*p - 150. Is l a composite number?
True
Let u(z) = -89452*z - 1027. Is u(-5) composite?
True
Suppose 3*n + 5*f - 267 = 0, 322 + 2 = 4*n - 4*f. Is 18/(-3) - n/(-3) prime?
False
Let i(r) = 16792*r**2 - 5*r + 6. Is i(1) a composite number?
True
Suppose -35*n - 97*n + 532338 = -30*n. Is n a composite number?
True
Suppose 0 = -26*r + 9*r - 68. Is 3527*1 + r/(-4) + -1 a composite number?
False
Suppose 2*z - 478364 = -2*i, 15*i - 18*i + 717561 = -2*z. Is i prime?
False
Suppose 0*x - 5*x = -3*x. Suppose -3*d + 4602 + 399 = x. Let t = d - 688. Is t a composite number?
True
Let k(g) = g + 13. Let r be k(3). Suppose -25245 - 29363 = -r*o. Is o prime?
True
Let l(d) = 75*d**2 - 15*d + 63. Let n(f) = 74*f**2 - 15*f + 63. Let i(z) = -4*l(z) + 5*n(z). Is i(4) a prime number?
True
Let m(b) = 61*b**3 + 8*b**2 + 10*b - 169. Is m(12) a prime number?
False
Let m(c) = 10030*c + 545. Is m(17) a composite number?
True
Suppose -10*b + 11*b - 5*t - 38 = 0, 0 = -4*b - 4*t + 152. Is (-4)/b + (-2563470)/(-266) a composite number?
True
Suppose 0 = 3*r - 5*r - 3*w - 3, 3*w - 3 = -4*r. Suppose 4*f - r*k + 872 = -4*k, -4*k - 884 = 4*f. Let g = 335 + f. Is g a composite number?
True
Suppose -5*c + 124054 = 2*s, 2*s + 0*s + 99236 = 4*c. Is c/9 + (1/3)/1 prime?
False
Is -13 + 6 + (-200858)/(-7) composite?
False
Suppose 651670 = -749*r + 759*r. Is r a composite number?
False
Let n(j) = 6183*j - 40. Let h be n(5). Suppose -8*k = 2947 - h. Is k a prime number?
True
Suppose -8853705 - 4843138 = -128*v + 613173. Is v prime?
False
Is ((-52004)/(-10))/(48/120) a prime number?
True
Suppose 8*p - 450007 = 4*p + 3*s, 337498 = 3*p + 5*s. Is p a prime number?
True
Let m(y) = 182*y**2 - 6*y + 41. Let w = -574 + 578. Is m(w) a composite number?
True
Let i be (15/(-20))/((-6)/8). Let l be (i/2)/(((-203)/37170)/(-29)). Suppose 5*x - b = 2*b + 2660, 5*x = 4*b + l. Is x prime?
False
Suppose -5*d + 286326 = 3*u - 66830, 4*u = 8. Suppose -d = 58*q - 72*q. Is q a prime number?
False
Let w = 400 + -395. Is (8470 + -8 - w)*(-2)/(-3) prime?
False
Let z(v) be the second derivative of -v**5/20 - 47*v**4/12 + 17*v**3 + 19*v**2/2 - 92*v. Is z(-51) a composite number?
True
Let o(w) = 1031*w**2 + 43*w - 25. Is o(-12) a composite number?
True
Let m be (1*-35)/(-5)*-1. Let t(a) = 265*a**2 - 6*a - 7. Let h be t(m). Suppose -2*v = -5*s + 3*v + h, -4*s = 3*v - 10423. Is s a composite number?
True
Suppose -2*c + 15 = -r + 2*r, 3*r - 29 = -4*c. Is 10726/c + 4 - (-5)/20 composite?
True
Is (-2317424)/(-32) - (-1)/2*3 a prime number?
True
Let z(s) = 3*s + 28*s + s + 94*s**2 + 83. Is z(-11) a prime number?
False
Suppose 0*f + 5*p - 19 = f, 3*p - 39 = -4*f. Suppose 5*s = 3*h - 35, f*s + 16 = 2*s. Suppose 697 = h*r - 378. Is r prime?
False
Let a(n) be the third derivative of 1/20*n**5 - 2/3*n**3 + 0 + 1/24*n**4 + 0*n + 11*n**2 + 7/60*n**6. Is a(6) a composite number?
True
Suppose 5*v = 3*f + 2106, 878 - 40 = 2*v + f. Let h be v/(-45) - (-8)/6. Let q(s) = 30*s**2 + 4*s - 23. Is q(h) prime?
False
Let x(b) = 425*b - 198. Let n be x(7). Is 4/((-8)/(-2))*n a prime number?
True
Let q be ((-26)/8)/((-8)/1888). Let o = q + -453. Is o a prime number?
False
Suppose -3*n + 66 = -0*n. Let u(b) = b**3 - 18*b**2 - 15*b + 27. Let i be u(n). Let o = i + -678. Is o a prime number?
False
Let y(n) = 12 + 4 + 1824*n**2 - 10*n - 13. Is y(2) a composite number?
True
Let z(l) = 412*l**2 - 170*l + 33. Is z(7) composite?
False
Suppose -117168 = -31*l - 29779. Is l composite?
False
Suppose -5808*s + 5811*s = i - 719471, 0 = -2*s - 6. Is i a composite number?
True
Suppose 4*p + 2*a = -24276, -9866 + 34146 = -4*p - 4*a. Let v = p - -8589. Is v a prime number?
True
Suppose 3*o - 12 = 0, 3*c - 580889 = -5*o + 24402. Is c a prime number?
True
Let c = 10375 + -2274. Is c a composite number?
False
Let u = 565 + -224. Suppose 5*m - 2024 = u. Is m a composite number?
True
Let k(i) = 3*i**2 - 104*i - 3041. Is k(-71) a composite number?
True
Let w = 40536 - 27877. Suppose -4*x + w = -64601. Is x composite?
True
Let m = -2166 + 78289. Suppose -9760 = 3*b - m. Is b composite?
True
Let m be (77/22)/(7/4). Let s(a) = 436*a**3 - 6*a**2 + 5*a + 7. Let w(c) = 218*c**3 - 3*c**2 + 3*c + 4. Let l(j) = 3*s(j) - 5*w(j). Is l(m) a prime number?
True
Let g be (-1675)/(-10)*(-14 + 5)*-188. Is g/35 + 28/49 a prime number?
False
Suppose 5408678 = 44*k - 721449 - 39509. Is k composite?
True
Let l be 1*(-6)/(-45) + 552/(-90). Let g = 9 + -5. Is (g/l)/((-8)/3180) prime?
False
Suppose 0 = 13*y + 1633976 - 5952641. Suppose -2*j - 13*j + y = 0. Is j composite?
False
Let j(w) = w**3 - w**2 + 10*w - 7. Let s = 71 - 43. Suppose 5*c - s - 2 = 0. Is j(c) a composite number?
False
Let w = -303922 + 2073985. Is w composite?
True
Let o = -790 + -9. Let u = 2316 + o. Is u a composite number?
True
Let i = 38 + -33. Suppose x = i*p - 14695, -3298 = -p - 4*x - 359. Is p a composite number?
False
Let j(m) = -228*m - 13. Suppose 11*k - 1 - 21 = 0. Suppose 0*b + 3*h - 23 = 5*b, k*h + 14 = -4*b. Is j(b) a composite number?
True
Let t(h) = 483*h + 6. Suppose 2*s + 3*p = 2*p + 11, -4*p = -5*s + 47. Is t(s) prime?
False
Suppose -53878133 = -243*v + 170385838. Is v composite?
False
Let y = 119499 - 76600. Is y a prime number?
True
Let s = 37687 + -20696. Is s prime?
False
Let s(c) = 347*c**2 - 3*c + 74. Let w be s(25). Suppose 0 = -16*n + w + 39238. Is n a 